{"id":7281,"date":"2024-11-15T11:27:27","date_gmt":"2024-11-15T08:27:27","guid":{"rendered":"https:\/\/uslgroupspa.com\/?page_id=7281"},"modified":"2024-11-15T14:58:27","modified_gmt":"2024-11-15T11:58:27","slug":"neden-usl-sauna","status":"publish","type":"page","link":"https:\/\/uslgroupspa.com\/index.php\/neden-usl-sauna\/","title":{"rendered":"Neden USL Sauna?"},"content":{"rendered":"\t\t<div data-elementor-type=\"wp-page\" data-elementor-id=\"7281\" class=\"elementor elementor-7281\">\n\t\t\t\t<div class=\"elementor-element elementor-element-231f1d3 e-con-full e-flex e-con e-parent\" data-id=\"231f1d3\" data-element_type=\"container\">\n\t\t<div class=\"elementor-element elementor-element-8b2a29a e-con-full e-flex e-con e-child\" data-id=\"8b2a29a\" data-element_type=\"container\">\n\t\t\t\t<div class=\"elementor-element elementor-element-4bb963c elementor-widget elementor-widget-heading\" data-id=\"4bb963c\" data-element_type=\"widget\" data-widget_type=\"heading.default\">\n\t\t\t\t<div class=\"elementor-widget-container\">\n\t\t\t<h2 class=\"elementor-heading-title elementor-size-default\">Neden USL Sauna ?\n<\/h2>\t\t<\/div>\n\t\t\t\t<\/div>\n\t\t\t\t<div class=\"elementor-element elementor-element-ff8efa7 elementor-widget__width-initial elementor-widget elementor-widget-text-editor\" data-id=\"ff8efa7\" data-element_type=\"widget\" data-widget_type=\"text-editor.default\">\n\t\t\t\t<div class=\"elementor-widget-container\">\n\t\t\t\t\t\t\t<p><strong>Bizi tercih etmeniz i\u00e7in \u00f6nemli oldu\u011funa inand\u0131\u011f\u0131m\u0131z sebepleri a\u015fa\u011f\u0131daki ba\u015fl\u0131klar alt\u0131nda toparlamaya \u00e7al\u0131\u015ft\u0131k.<br \/><\/strong><strong style=\"text-align: var(--text-align);\">Sizleri de m\u00fc\u015fterilerimiz aras\u0131nda g\u00f6rmekten onur duyar\u0131z.<\/strong><\/p><p><strong>Kaliteli Hizmet :<\/strong><span style=\"text-align: var(--text-align); font-weight: var(--uomo-main-font-weight);\">M\u00fc\u015fterilerimize kaliteli hizmet vermek i\u00e7in yapt\u0131\u011f\u0131m\u0131z i\u015fe hakimiz ve titizlikle \u00e7al\u0131\u015f\u0131yoruz Birinci Tercihimiz kaliteden \u00f6d\u00fcn vermeden\u00a0 \u00e7al\u0131\u015fmakt\u0131r.<\/span><\/p><p><strong>D\u00fc\u015f\u00fck Maliyetler :<\/strong><span style=\"text-align: var(--text-align); font-weight: var(--uomo-main-font-weight);\">Yapt\u0131\u011f\u0131m\u0131z T\u00fcm \u00e7al\u0131\u015fmalarda maliyetleri m\u00fc\u015fterilerimizin faydas\u0131 y\u00f6n\u00fcnde optimize ediyor ve uygun fiyatlar\u0131 \u00e7\u00f6z\u00fcmler \u00fcretiyoruz.<\/span><\/p><p><strong>Deneyimli Teknik Ekip :<\/strong><span style=\"text-align: var(--text-align); font-weight: var(--uomo-main-font-weight);\">Deneyimli Teknik ekibimiz sayesinde m\u00fc\u015fterilerimizin Sorunlar\u0131na k\u0131sa s\u00fcre i\u00e7erisinde \u00e7\u00f6z\u00fcml\u00fcyoruz.<\/span><\/p><p><strong>\u00dcr\u00fcn \u00c7e\u015fitlili\u011fi :<\/strong><span style=\"text-align: var(--text-align); font-weight: var(--uomo-main-font-weight);\">M\u00fc\u015fterilerimizin ihtiyac\u0131na ve b\u00fct\u00e7esine g\u00f6re bir \u00e7ok \u00fcr\u00fcn se\u00e7ene\u011fimiz bulunmaktad\u0131r.<\/span><\/p><p><strong>Sat\u0131\u015f Sonras\u0131 Destek :<\/strong><span style=\"text-align: var(--text-align); font-weight: var(--uomo-main-font-weight);\">Sat\u0131\u015f sonras\u0131nda yap\u0131lan uygulaman\u0131n veya cihaz sat\u0131\u015f\u0131n\u0131n arkas\u0131nda durarak olu\u015fabilecek herhangi bir durumda en k\u0131sa s\u00fcrede \u00e7\u00f6z\u00fcm \u00fcreterek\u00a0 m\u00fc\u015fterimizin daima memnuniyeti i\u00e7in \u00e7al\u0131\u015f\u0131yoruz.<\/span><\/p><p><strong>Ula\u015fabilirlik :<\/strong><span style=\"text-align: var(--text-align); font-weight: var(--uomo-main-font-weight);\">M\u00fc\u015fterilerimize daha iyi hizmet verebilmek ve kolay ula\u015f\u0131labilir olmak ad\u0131na 7\/24\u00a0 Aktif olan Numaram\u0131z Web Sayfam\u0131zda sizlerle payla\u015f\u0131lm\u0131\u015ft\u0131r. Dilerseniz WhatsApp dilerseniz arayarak T\u00fcm soru ve sipari\u015fleriniz i\u00e7in g\u00f6r\u00fc\u015febilirsiniz.<\/span><\/p><p><strong>G\u00fcven Tecr\u00fcbe :<\/strong><span style=\"text-align: var(--text-align); font-weight: var(--uomo-main-font-weight);\">Y\u0131llard\u0131r yapt\u0131\u011f\u0131m\u0131z i\u015fler sayesinde m\u00fc\u015fterilerimizin g\u00fcvenini kazanm\u0131\u015f ve bundan sonraki i\u015flerimizde de m\u00fc\u015fterilerimize G\u00fcven ve kaliteyi hedefledi\u011fimizi sunmak isteriz.<\/span><\/p><p><strong>\u00a0 \u00a0\u00a0<\/strong><strong> \u00a0 \u00a0 \u00a0 \u00a0 \u00a0 \u00a0 \u00a0 \u00a0 \u00a0 \u00a0 \u00a0 \u00a0 \u00a0 \u00a0 \u00a0 \u00a0 \u00a0 <\/strong><strong>\u00a0 \u00a0 \u00a0 \u00a0 \u00a0 \u00a0 \u00a0 \u00a0 \u00a0\u00a0<\/strong><\/p>\t\t\t\t\t\t<\/div>\n\t\t\t\t<\/div>\n\t\t\t\t<\/div>\n\t\t<div class=\"elementor-element elementor-element-e962e8b e-con-full e-flex e-con e-child\" data-id=\"e962e8b\" data-element_type=\"container\">\n\t\t\t\t<div class=\"elementor-element elementor-element-f274ddc elementor-widget elementor-widget-image\" data-id=\"f274ddc\" data-element_type=\"widget\" data-widget_type=\"image.default\">\n\t\t\t\t<div class=\"elementor-widget-container\">\n\t\t\t\t\t\t\t\t\t\t\t\t\t<img fetchpriority=\"high\" decoding=\"async\" width=\"576\" height=\"1024\" src=\"https:\/\/uslgroupspa.com\/wp-content\/uploads\/2024\/11\/Neden-576x1024.png\" class=\"attachment-large size-large wp-image-7303\" alt=\"\" srcset=\"https:\/\/uslgroupspa.com\/wp-content\/uploads\/2024\/11\/Neden-576x1024.png 576w, https:\/\/uslgroupspa.com\/wp-content\/uploads\/2024\/11\/Neden-169x300.png 169w, https:\/\/uslgroupspa.com\/wp-content\/uploads\/2024\/11\/Neden-768x1365.png 768w, https:\/\/uslgroupspa.com\/wp-content\/uploads\/2024\/11\/Neden-864x1536.png 864w, https:\/\/uslgroupspa.com\/wp-content\/uploads\/2024\/11\/Neden.png 1080w\" sizes=\"(max-width: 576px) 100vw, 576px\" \/>\t\t\t\t\t\t\t\t\t\t\t\t\t<\/div>\n\t\t\t\t<\/div>\n\t\t\t\t<\/div>\n\t\t\t\t<\/div>\n\t\t<div class=\"elementor-element elementor-element-de0ac62 e-flex e-con-boxed e-con e-parent\" data-id=\"de0ac62\" data-element_type=\"container\">\n\t\t\t\t\t<div class=\"e-con-inner\">\n\t\t\t\t\t<\/div>\n\t\t\t\t<\/div>\n\t\t\t\t<\/div>\n\t\t","protected":false},"excerpt":{"rendered":"<p>Neden USL Sauna ? Bizi tercih etmeniz i\u00e7in \u00f6nemli oldu\u011funa inand\u0131\u011f\u0131m\u0131z sebepleri a\u015fa\u011f\u0131daki ba\u015fl\u0131klar alt\u0131nda toparlamaya \u00e7al\u0131\u015ft\u0131k.Sizleri de m\u00fc\u015fterilerimiz aras\u0131nda g\u00f6rmekten onur duyar\u0131z. Kaliteli Hizmet :M\u00fc\u015fterilerimize kaliteli hizmet vermek i\u00e7in yapt\u0131\u011f\u0131m\u0131z i\u015fe hakimiz ve titizlikle \u00e7al\u0131\u015f\u0131yoruz Birinci Tercihimiz kaliteden \u00f6d\u00fcn vermeden\u00a0 \u00e7al\u0131\u015fmakt\u0131r. D\u00fc\u015f\u00fck Maliyetler :Yapt\u0131\u011f\u0131m\u0131z T\u00fcm \u00e7al\u0131\u015fmalarda maliyetleri m\u00fc\u015fterilerimizin faydas\u0131 y\u00f6n\u00fcnde optimize ediyor ve uygun &hellip; <br \/><a href=\"https:\/\/uslgroupspa.com\/index.php\/neden-usl-sauna\/\" class=\"more-link\">Continue reading <span class=\"screen-reader-text\">Neden USL Sauna?<\/span><\/a><\/p>\n","protected":false},"author":1,"featured_media":0,"parent":0,"menu_order":0,"comment_status":"closed","ping_status":"closed","template":"","meta":{"footnotes":""},"class_list":["post-7281","page","type-page","status-publish","hentry"],"_links":{"self":[{"href":"https:\/\/uslgroupspa.com\/index.php\/wp-json\/wp\/v2\/pages\/7281","targetHints":{"allow":["GET"]}}],"collection":[{"href":"https:\/\/uslgroupspa.com\/index.php\/wp-json\/wp\/v2\/pages"}],"about":[{"href":"https:\/\/uslgroupspa.com\/index.php\/wp-json\/wp\/v2\/types\/page"}],"author":[{"embeddable":true,"href":"https:\/\/uslgroupspa.com\/index.php\/wp-json\/wp\/v2\/users\/1"}],"replies":[{"embeddable":true,"href":"https:\/\/uslgroupspa.com\/index.php\/wp-json\/wp\/v2\/comments?post=7281"}],"version-history":[{"count":16,"href":"https:\/\/uslgroupspa.com\/index.php\/wp-json\/wp\/v2\/pages\/7281\/revisions"}],"predecessor-version":[{"id":7391,"href":"https:\/\/uslgroupspa.com\/index.php\/wp-json\/wp\/v2\/pages\/7281\/revisions\/7391"}],"wp:attachment":[{"href":"https:\/\/uslgroupspa.com\/index.php\/wp-json\/wp\/v2\/media?parent=7281"}],"curies":[{"name":"wp","href":"https:\/\/api.w.org\/{rel}","templated":true}]}}